n base 6, what is 5 - 1101211?
-1101202
In base 11, what is -806 + -a7?
-902
In base 4, what is -100113 + -11?
-100130
In base 10, what is -377 + 38?
-339
In base 7, what is -3614 + -205?
-4122
In base 13, what is 3 - -138a1?
138a4
In base 5, what is -241 + -3234?
-4030
In base 5, what is -10240412 + -2?
-10240414
In base 15, what is 3d + -c4bb?
-c47d
In base 6, what is 21553 - -11?
22004
In base 8, what is 10164 + -372?
7572
In base 4, what is -3211 + -100202?
-110013
In base 11, what is 251aa2 - 10?
251a92
In base 12, what is 272 + 7527?
7799
In base 13, what is 2 - -66772?
66774
In base 9, what is 31 + -5683?
-5652
In base 10, what is -155 + 156?
1
In base 3, what is 2 + -120211011?
-120211002
In base 14, what is 2 - -38a4?
38a6
In base 2, what is -100011001 - -101010?
-11101111
In base 6, what is 1 + -404123?
-404122
In base 10, what is 39213 - 4?
39209
In base 5, what is 12004320 + 0?
12004320
In base 2, what is -1110010001001 - -11?
-1110010000110
In base 10, what is 385 - -49?
434
In base 14, what is 97 - ad?
-16
In base 13, what is -3 + 74b0?
74aa
In base 14, what is -12dc - -a?
-12d2
In base 6, what is -233 - 1453?
-2130
In base 3, what is 21022 - 1021112?
-1000020
In base 9, what is 2102 - -66?
2168
In base 8, what is 11106710 - 2?
11106706
In base 16, what is 24717d + 5?
247182
In base 13, what is -29 - c27b?
-c2a7
In base 9, what is 4563 + -1?
4562
In base 15, what is -cb9 - 158?
-e22
In base 2, what is -11101 + 11000000101011?
11000000001110
In base 13, what is 34310 + 10?
34320
In base 9, what is -4558 - -35?
-4523
In base 6, what is 1400123 - 5?
1400114
In base 3, what is 121201221 + -110?
121201111
In base 9, what is -432 + 447?
15
In base 13, what is -1c704c + 5?
-1c7047
In base 15, what is -dd + -ab?
-199
In base 7, what is -1323312 + 2?
-1323310
In base 16, what is aa1 + 0?
aa1
In base 14, what is 4 + 49d6?
49da
In base 5, what is -4 + -32114322?
-32114331
In base 13, what is 20b + 160?
36b
In base 15, what is 4eebb + -4?
4eeb7
In base 16, what is -4 - -4938b?
49387
In base 11, what is 4510 - -a?
451a
In base 6, what is -40503432 - -5?
-40503423
In base 13, what is 69a + c0?
78a
In base 14, what is 475 + 64?
4d9
In base 12, what is 3a49b - -4?
3a4a3
In base 15, what is a77 + -299?
7cd
In base 15, what is 1 + -3718?
-3717
In base 4, what is -3 + 130113020?
130113011
In base 14, what is aa - -9c?
168
In base 4, what is 312122202 + -10?
312122132
In base 11, what is -36636 - -1?
-36635
In base 11, what is -116 - -184?
69
In base 14, what is -a - 12c85?
-12c91
In base 11, what is -772 - -4?
-769
In base 3, what is 22112 + 2211?
102100
In base 7, what is -1206661 - 13?
-1210004
In base 4, what is 3302 - -1213331?
1223233
In base 7, what is 14 - -310046?
310063
In base 9, what is 0 + -16624?
-16624
In base 13, what is -4b - 15a31?
-15a7c
In base 12, what is 40975 - 5?
40970
In base 5, what is 1140 + -32424?
-31234
In base 12, what is 21b + -133?
a8
In base 7, what is -6 - 120551?
-120560
In base 5, what is 10 - -2222120?
2222130
In base 6, what is -20214 + -154?
-20412
In base 14, what is -3 + 5a06?
5a03
In base 10, what is -2 - -167360?
167358
In base 5, what is -10104200 + 10?
-10104140
In base 10, what is 1016205 + -4?
1016201
In base 15, what is -1e - 567e?
-569d
In base 15, what is -10627b - 0?
-10627b
In base 12, what is 48a - 19?
471
In base 8, what is -132420 - -72?
-132326
In base 8, what is 0 + -100572?
-100572
In base 2, what is 101100 - 1000101110010?
-1000101000110
In base 14, what is -133 + -2?
-135
In base 14, what is 43 + 14b?
190
In base 7, what is 663035 + 1?
663036
In base 6, what is -2041315 - -1?
-2041314
In base 4, what is -231313 - 1031?
-233010
In base 15, what is 533 + -19?
519
In base 12, what is 354977 - -3?
35497a
In base 12, what is 2 + 182?
184
In base 13, what is -148251 - -4?
-14824a
In base 14, what is 22 - -64?
86
In base 3, what is -11 + -10122020120101?
-10122020120112
In base 14, what is -6d - -28d?
220
In base 16, what is -1 - acd8d?
-acd8e
In base 6, what is 12110 + 5?
12115
In base 11, what is 9576 - -7?
9582
In base 9, what is 51 + -151?
-100
In base 11, what is -198 + 193?
-5
In base 4, what is -10133133021 - -10?
-10133133011
In base 16, what is 0 - -8fb3?
8fb3
In base 4, what is -1201033001 - -3?
-1201032332
In base 8, what is -43 - -3164?
3121
In base 7, what is 252 + -1335?
-1053
In base 7, what is 2440 + 61?
2531
In base 8, what is -4273 + -437?
-4732
In base 3, what is 2 + -1011202000201?
-1011202000122
In base 10, what is -18 - 149?
-167
In base 11, what is 698a8 + 4?
69901
In base 9, what is -122 - 15888?
-16121
In base 5, what is 1 - 3421401?
-3421400
In base 3, what is 0 + -2020102?
-2020102
In base 12, what is -454 + 385?
-8b
In base 2, what is 110000101110000011 + 1010?
110000101110001101
In base 14, what is d4a - -10?
d5a
In base 9, what is 2053247 - -5?
2053253
In base 11, what is -a - -1722?
1713
In base 6, what is -3245345 - 3?
-3245352
In base 7, what is -210 + 1261?
1051
In base 15, what is -bc2a6 + 2?
-bc2a4
In base 5, what is 2010 + -20224?
-13214
In base 5, what is 1313201 - 10?
1313141
In base 13, what is 20b + 22bb?
24c9
In base 9, what is -43 + 1117?
1064
In base 16, what is a98a - 2f?
a95b
In base 3, what is 2022101101 - 0?
2022101101
In base 12, what is -91aa + -4?
-91b2
In base 14, what is -73b0 + a?
-73a4
In base 3, what is -1 - 112221?
-112222
In base 15, what is 0 - 2158?
-2158
In base 9, what is 156635 + -21?
156614
In base 9, what is -526 + -147?
-674
In base 3, what is 21001 - -120202002?
121000010
In base 4, what is 1001013 - 11?
1001002
In base 16, what is -27 - -115f7?
115d0
In base 4, what is 20 + -302101?
-302021
In base 7, what is 22422261 + 2?
22422263
In base 13, what is 76cc9 - -5?
77001
In base 4, what is -23023 - -331?
-22032
In base 15, what is 34ea50 + 5?
34ea55
In base 12, what is 3 - a566?
-a563
In base 5, what is 100442 + 11?
101003
In base 7, what is 10005 + 2055?
12063
In base 11, what is 14 - -2103?
2117
In base 7, what is -1426 - -2?
-1424
In base 16, what is -3 + -1628f?
-16292
In base 13, what is -14 + 2a1?
28a
In base 6, what is -324 + -1451?
-2215
In base 9, what is 14 + 271?
285
In base 7, what is 435 - 120606?
-120141
In base 6, what is 501241 + -3?
501234
In base 14, what is -252d - -1?
-252c
In base 4, what is 2111 + 1220?
3331
In base 16, what is c + 29?
35
In base 10, what is -2 + -4153?
-4155
In base 3, what is -1001002 - 21112202?
-22120211
In base 15, what is 1d + 63e?
65c
In base 13, what is -282 + -9a?
-34c
In base 2, what is -11 + -10000110111110?
-10000111000001
In base 3, what is 20 - 2002121020?
-2002121000
In base 11, what is -641a0a + 1?
-641a09
In base 2, what is 1000 + 100101100011?
100101101011
In base 8, what is 17771 - -10?
20001
In base 2, what is -1000111 - 10001101100110?
-10001110101101
In base 16, what is -a685 - -3?
-a682
In base 12, what is -12 - 9507?
-9519
In base 14, what is -47 + 161a?
15b3
In base 12, what is -84 - -60a7?
6023
In base 11, what is 601 + -186?
426
In base 4, what is 100 - 10000?
-3300
In base 6, what is 104030 - 2022?
102004
In base 7, what is 1066541 + -4?
1066534
In base 14, what is -a + 1637?
162b
In base 7, what is 4 - 1432260?
-1432253
In base 5, what is -214 + 32033?
31314
In base 12, what is 3276 - 153?
3123
In base 2, what is 0 + -10000010111101?
-10000010111101
In base 7, what is -15023 - 625?
-15651
In base 10, what is -3 - 31108?
-31111
In base 10, what is -5 - 94436?
-94441
In base 4, what is 1002 + -30332?
-23330
In base 8, what is -325702 - 4?
-325706
In base 8, what is -1446 + 1424?
-22
In base 10, what is -4 + 154290?
154286
In base 4, what is -10 - -10003032322?
10003032312
In base 9, what is 4 - -8386?
8401
In base 9, what is -156 + 17475?
17318
In base 5, what is 130011411 - -2?
130011413
In base 6, what is 45 + 511323?
511412
In base 9, what is 3728 + -11?
3717
In base 3, what is 2 - 121100020?
-121100011
In base 11, what is 252 - -123?
375
In base 14, what is -1 - 149dc?
-149dd
In base 3, what is 111110 + -1112002?
-1000122
In base 10, what is -1220 - -126?
-1094
In base 15, what is 0 + -2894?
-2894
In base 13, what is 5 + -c63b5?
-c63b0
In base 12, what is -29 - 1b7?
-224
In base 16, what is 5 + 1909?
190e
In base 14, what is 1 - d3004?
-d3003
In base 5, what